o**3/6 - o**2 - 35*o. Determine x(5).
58
Let m(y) = -3*y**2 + 9*y - 6. Let c(g) = 2*g**2 - 1. Let p(n) = -c(n) - m(n). Determine p(7).
-7
Let i(b) = -3*b + 1. Suppose -5*g - 4*y = 11, -3*g - 3*y = 18 - 9. Calculate i(g).
-2
Suppose 3*q = -5*f + 8, 2*f - 3*f - 14 = -2*q. Let x(d) = -d**2 + 5*d + 1. Calculate x(q).
-5
Let b(o) = -2 + 5998*o - 6*o**2 - 2*o**3 - 5 + 3*o**3 - 6002*o. What is b(7)?
14
Let j be (-3 + 13)/(2/2). Let x(z) = -4 + 3 - 5*z + j + 3*z. What is x(7)?
-5
Let g(n) be the second derivative of n**3/6 - 31*n. Suppose 2*b + 5*p = 2, -4*b + 2*p + 4 = -0*b. Determine g(b).
1
Let o(n) = -2 - 3 - 2 + 17*n - 35*n + 15*n. What is o(5)?
-22
Let p(v) = -23 + 15 - 13 - 6*v + 3*v - 6. Determine p(-12).
9
Let f(z) = 2*z. Let j(n) = n + 12. Suppose -2*i - 3*i = g - 10, -2*g - 1 = 3*i. Let q be j(g). Suppose 5*v - 2 + q = 0. Calculate f(v).
-2
Let v(k) = 7*k - 3*k - 50*k**2 + 49*k**2. Determine v(5).
-5
Let s = -31 + 33. Let n(a) = -7*a + 6*a**2 - 4*a**s + 7*a. What is n(-1)?
2
Let o(j) be the first derivative of j**4/4 + 4*j**3/3 + j**2 + 3. Suppose 3*a - 39 + 3 = 0. Let l be a/18 + 28/(-6). Determine o(l).
-8
Let c(j) = j**2 + 20*j + 41. Let f be c(-2). Let d(z) = -1 - 5 - 6*z**3 + 5*z**3 + 5*z**2 - 1. What is d(f)?
-7
Let a(j) = -j**2 + 3*j + 3. Let b = 1 + 3. Suppose 0*f = -5*f + 5. Let x be f/(b/20)*1. Determine a(x).
-7
Let a(n) = n**3 - 12*n**2 - 25*n - 40. Let g be a(14). Let p(i) = i**3 - i**2 + i. Let s(v) = -7*v**3 + 7*v**2 - 7*v - 2. Let q(x) = 6*p(x) + s(x). Give q(g).
-8
Let u = 9 - 6. Suppose g = u*f + 1, 0*g + f + 15 = 4*g. Let x(i) = 2*i**3 - 3*i**3 - i**2 - 1 + 6*i**2 - 4*i. Give x(g).
-1
Let b(l) = -l**3 - 15*l**2 + 15*l - 16. Let d be b(-16). Let q(u) be the second derivative of 3*u + 1/6*u**3 + d - 2*u**2. What is q(-5)?
-9
Let r(u) = 15*u. Let v(f) = 31*f. Let x be (4/(-5))/((-2)/(-35)*7). Let a(w) = x*v(w) + 5*r(w). Suppose -5*i + 3 = 8. Give a(i).
-13
Let x(m) = 10 - 6*m**2 + 4*m - m + 0 + m**3 - 12*m. Let o be 1/(-2)*-3*2. Let k be (16/12 - -1)*o. Calculate x(k).
-4
Let j(r) = 4*r - 3. Let p(s) = -7*s + 7. Let f(h) = 5*j(h) + 3*p(h). Suppose 4*o + 8*o = 8*o + 32. Calculate f(o).
-2
Let d(g) = 13*g**3 - 19*g - 18. Let u be d(-1). Let x(p) = -p**2 - 11*p + 10. Give x(u).
-2
Suppose 6*m - 16 = -52. Suppose -2*j = 1 - 13. Let q(u) = -2*u - 4. Let x(p) = 2*p + 3. Let z(o) = j*q(o) + 5*x(o). Calculate z(m).
3
Let q(c) = -6*c**2 + 0*c**3 - 7471 + 7480 + c**3 + 2*c. Give q(6).
21
Let j(c) = 24*c - 8. Let n be j(7). Let f be (-2)/(-3) - n/(-48). Suppose -f*q = -14 - 6. Let s(v) = -v**2 + 5*v + 5. What is s(q)?
5
Let i(r) = -r. Let o(l) = 4*l + 1. Let u(m) = -11*i(m) - 2*o(m). Let b = 92 - 79. Suppose 40 = b*f - 3*f. Calculate u(f).
10
Let s(b) = -b**2 - b + 3. Suppose 7*d - 28*d + 84 = 0. Determine s(d).
-17
Let o(w) = w + 3. Let h(r) = -r**2 - r + 12. Let c be h(-3). Suppose 0 + c = -z. What is o(z)?
-3
Let p(w) = w**3 - 7*w**2 + 7*w. Let h be p(6). Let a(q) be the first derivative of -q**4/4 + 2*q**3 + 6*q - 95. Give a(h).
6
Let u(r) = -5*r + 2. Suppose -8 = 81*q - 77*q. Determine u(q).
12
Let j(x) be the first derivative of x**4/4 + 4*x**3/3 + 3*x**2/2 + 2*x - 1. Let n be (-6 - (12 - 16))/(0 - (-4)/6). Determine j(n).
2
Let t be 9/(6/(-4)*(-4)/(-6)). Let l(g) = g**3 + 10*g**2 + 6*g + 9. Determine l(t).
36
Let h(y) = y - 10. Let x be 2 + 2 - (6 - -2). Let f(q) = -q + 11. Let l(p) = x*f(p) - 5*h(p). Calculate l(0).
6
Let v(k) = 13*k - 72. Let l = -342 - -348. Calculate v(l).
6
Let s(d) be the second derivative of -d**5/20 - d**4/2 + d**2 + 7*d. Let y be s(-6). Let h(p) = 0*p + 0*p - 2 + p**2 + 0*p**y. Give h(0).
-2
Let m(d) = d**2 + 4*d - 1. Let c be (6 - 9) + 1 + -29. Let x = c + 29. Calculate m(x).
-5
Suppose -11 = -q + a, 2 = -3*a - 1. Let r(z) = 3*z - 25. What is r(q)?
5
Let w(h) = -13*h**3 + h**2 + h. Let l(y) = -8*y + 5. Let b(o) = -9*o + 5. Let j(m) = 2*b(m) - 3*l(m). Let x be j(2). Let f = -8 + x. What is w(f)?
13
Let k(r) = 2*r. Suppose 3*c = -3*v + 51, -2*c + 44 = 3*v + v. Suppose 0 = 3*s - c, -2*a - 2*a = 3*s - 48. Suppose a = -5*f + 8*f. Determine k(f).
6
Let w(o) = 11*o + 78. Let n(u) = -36*u - 367. Let v be n(-10). Give w(v).
1
Let k(z) = -z**3 - 9*z**2 + 22*z - 1. Let t(h) = -12*h**3 - h**2 + 4*h - 2. Let j be t(1). Determine k(j).
-1
Let w(j) be the third derivative of -1/120*j**6 + 0 - 37*j**2 - 1/15*j**5 + 1/2*j**3 + 0*j + 0*j**4. Calculate w(-4).
3
Suppose 438*y - 443*y - 5 = 0, 2*g + 2*y = 6. Let l(c) = c**3 - 4*c**2 - 4*c + 8. What is l(g)?
-8
Let b = 10 + -5. Let p be 1*((b - -3) + -3). Let f be (7 - p)/(1/(-2)). Let v(g) = -3*g - 5. What is v(f)?
7
Let t(d) = -3*d**3 + d**2 + d + 2. Suppose 6*c - 80 + 32 = 0. Suppose c - 30 = -11*p. What is t(p)?
-16
Let o(z) = -3 + 3*z + 3*z + 4. Let v(n) = -4 + 3 - n + 2*n + 0. Let u(w) = -o(w) + 3*v(w). Calculate u(-3).
5
Let q(f) be the second derivative of -1/2*f**3 + 0 - 1/3*f**4 - 3/2*f**2 - 1/20*f**5 - 2*f. What is q(-2)?
-5
Let m(c) = 3*c - 3. Let r be (12/(-36))/((-1)/(-15)). Determine m(r).
-18
Let y(v) = 14*v**2 + 20*v - 4. Let a(j) = -5*j**2 - 7*j + 1. Let t(l) = -11*a(l) - 4*y(l). Determine t(-4).
1
Let q(n) = -6*n - 13. Let d(x) = 13*x + 25. Let a(m) = -4*d(m) - 9*q(m). Let i(f) = -3*f - 26. Let j(l) = -8*a(l) - 5*i(l). Determine j(5).
-11
Let d(k) be the third derivative of -k**6/120 - k**5/60 - k**4/12 - k**3/3 + 739*k**2. Determine d(-1).
0
Suppose -a - 14 = 2*q - 13, 3*a = -q + 7. Let h(c) = -5*c + 1. Give h(a).
-14
Let r(q) = -3*q + 31. Let v be r(9). Let g(j) = 4*j**2 - j - 3. Give g(v).
57
Let i(y) = -y**3 + 16*y**2 + 18*y - 20. Let p(b) = -b**2 - 18*b - 28. Let m be p(-15). Determine i(m).
-3
Let v(z) = -z**3 + 6*z**2 + 6*z + 9. Let i be 760/100 + 9/(-15). Calculate v(i).
2
Let t be (-25)/(-2) - (-3)/6. Let g(q) = -t - 5 - 6 + 23 - 22*q**2. Calculate g(1).
-23
Let m = 1 + 1. Let r = 16 + 3. Let t(j) = m*j - 19 + r. Determine t(1).
2
Let s(t) = 5*t**3 + 13*t**2 + 15*t - 1. Let u(b) = 2*b**3 + 6*b**2 + 7*b. Suppose 0 = d + 3. Let i = -256 + 263. Let c(j) = d*s(j) + i*u(j). Calculate c(4).
3
Suppose -g = -4*p + 5*p + 3, 9 = -3*g + 3*p. Let k be (95/(-20) - g)/(1/(-4)). Let f(z) = -z + 6. Calculate f(k).
-1
Let d(o) = o**2 + 6*o + 8. Let j be (-4)/8*2/3*12. Let h be (j/3)/(58/18 - 3). Give d(h).
8
Let u(h) = h**2 + 39*h - 2*h**2 + 5 - 13*h - 21*h. What is u(7)?
-9
Let u(y) be the third derivative of -y**6/30 - y**5/60 - y**4/12 - y**3/6 + 4*y**2 - 3. Let h = -41 + 40. Give u(h).
4
Suppose -9*j + 4*j - 120 = 0. Let x = -19 - j. Suppose -x = 2*z + 5. Let v(w) = -w**2 - 6*w + 7. Determine v(z).
12
Let s(h) be the third derivative of -7*h**2 - 1/6*h**3 + 0 + 0*h + 1/3*h**4 - 1/60*h**5. Determine s(7).
6
Let h(k) = -k**2 + 15*k + 32. Let p(g) = -g**3 + 32*g**2 - 239*g - 3. Let i be p(20). Determine h(i).
-2
Suppose -4*y = -y - 12. Suppose -y*a = -8 - 12. Let x(k) = -3*k - k**2 + a*k**2 + 1 + 3 + k**3. Calculate x(-5).
-6
Let b(t) be the third derivative of -t**5/60 + t**3/6 - 7*t**2. Let n(c) = c**2 + 5*c - 1. Let p be n(-4). Let j be 2/(-10)*(p + 0). Calculate b(j).
0
Suppose 0 = 7637*o - 7634*o. Let w(d) be the third derivative of 0 + 3/2*d**3 - 1/24*d**4 - 1/120*d**6 + 0*d + 2*d**2 - 1/60*d**5. Give w(o).
9
Let b(r) = 9*r**3 + 9*r**2 + 0*r - 14*r**3 + 4*r**3 - 4 - 4*r. Determine b(8).
28
Let o = 484 - 482. Let d(s) = s**3 - 3*s**2 + 3*s - 4. Give d(o).
-2
Let p(c) = -3*c + 1. Suppose z + 4*f = -1, -f + 5 = -5*z - 0*f. Let k = z + 6. Suppose -k*h - 2 - 3 = 0. Give p(h).
4
Let n(g) be the first derivative of -g**7/168 - g**6/180 - g**5/120 - 34*g**3/3 - g**2/2 - 36. Let l(a) be the third derivative of n(a). Calculate l(-1).
4
Let l(g) = 6*g + 1. Let w be 1 + 3 + 221/(-17). Let d = w + 8. Determine l(d).
-5
Let q = -231 + 217. Let v(t) = -t**2 - 13*t + 19. Calculate v(q).
5
Let j(z) = -23*z**3 - 3*z**2 + 5. Let i be (3 - 36/8)/(1/(-2)). Let l(u) = 12*u**3 + 2*u**2 - 3. Let y(q) = i*j(q) + 5*l(q). Determine y(-1).
10
Let l(v) = v**3 + 5*v**2 - 2*v + 2. Let h be l(-4). Let d = h - 47. Let q = 16 + d. Let x(m) = m**3 + 6*m**2 + 5*m - 2. What is x(q)?
-2
Let f be -9*(-4)/10*5. Let i = f - 23. Let n(l) = -l - 7 + 3*l - 5*l**3 + 4*l**3 - 5*l**2. Give n(i).
-17
Let p be 2*(-1 + 0 + 2). Suppose 0 = -2*b - p*r + 14, 4*b - 19 = r + 4*r. Let q(a) = 3*a - b + 6. C